+ n)/(-1) + 3. Suppose 3*s - 3*y = 7*s + v, -2*s - y = 8. Let x(f) = f**2 + 3*f + 2. Calculate x(s).
0
Let x = 46 - 31. Suppose -18*j + x*j = 0. Let i(c) = c**2 - c - 1. What is i(j)?
-1
Let d(a) = 3 - 4 - a + 0*a. Suppose -3*z = -13*z + 20. Suppose z*b + 3*b = 6*b. Give d(b).
-1
Let l be (-3)/(-15) - (-29)/5. Let t be ((-5)/10)/((-1)/l). Let b(a) = a + 5*a**2 - 3*a - a**t + 2*a - 2. Determine b(5).
-2
Suppose 4*q = -0*q - 2*k - 20, -2*q + k - 6 = 0. Let a = q + 6. Suppose -j + 12 = -0*j - 3*g, -a*j + 4*g = -18. Let r(o) = 2*o - 2. Calculate r(j).
4
Let q(t) = t**2 - 13*t + 21. Let b = 523 + -512. Determine q(b).
-1
Let o(a) be the third derivative of 5*a**2 + 0 - 1/120*a**6 + 0*a + 1/4*a**4 - 1/12*a**5 + 5/6*a**3. What is o(-6)?
5
Let i(y) = -y**2 + 24*y + 4. Let u(m) = 3*m + 3. Let t(d) = i(d) - 5*u(d). Give t(8).
-3
Let l(u) = u**3 + 3*u**2 - 6*u - 6. Let t(r) = -r**3 - 3*r**2 + 6*r + 7. Let q(b) = 6*l(b) + 5*t(b). Let i be -5 + (5 - (0 - -4)). What is q(i)?
7
Let c(o) = 3*o**2 - 3*o + 30. Let i(b) = b**2 - b + 10. Let f be (-8)/(-5) + (-4)/(-10). Let w(u) = f*c(u) - 7*i(u). What is w(0)?
-10
Let f(k) be the second derivative of k**5/20 - 5*k**4/6 + 13*k**3/6 + 11*k**2 + 8*k - 11. Calculate f(8).
-2
Let c(s) = -65 - 62 + 132 + 5*s. What is c(-3)?
-10
Let f(a) be the third derivative of -a**5/60 + a**4/24 + 2*a**3/3 + 116*a**2. Give f(4).
-8
Suppose -8 = -6*j + 814. Let c = -135 + j. Let r(f) = -f + f**3 + 1 - 2*f**3 + 1. Determine r(c).
-8
Let x(t) be the third derivative of t**6/120 + t**5/30 + t**4/24 - 2*t**3/3 + 2*t**2 + 193*t. Calculate x(-2).
-6
Let q(a) be the first derivative of -a**3/3 - a**2/2 - 70. Suppose 4*v - v + 3 = 0. Let u be q(v). Let d(g) = -g**2 - g - 3. Calculate d(u).
-3
Let d(g) = g - 2. Suppose 3*x = -4*c + 7, -5*c + x = -0*x + 15. Let k = c + -4. Determine d(k).
-8
Let t(j) be the second derivative of 1/2*j**3 - 1/20*j**5 + 7*j**2 - 1 - 5/6*j**4 + 2*j. Calculate t(-10).
-16
Let x(z) = z**3 + 5*z**2 - 2*z + 2. Let m(o) = -3*o**3 - 11*o**2 + 5*o - 4. Suppose -5*v + 11 + 8 = -2*c, 2 = -4*c - 2*v. Let f(s) = c*m(s) - 5*x(s). Give f(4).
14
Let j(g) = 6*g - 3. Let r(n) = 7*n - 5. Let k(v) = 6*j(v) - 5*r(v). Let p = -20 + 12. Determine k(p).
-1
Let z(m) = m**3 - 3*m**2 + m + 3. Let b be z(0). Let n(p) = 14*p**3 - 15*p**b - 47*p + 5*p**2 + 41*p + 3. Determine n(4).
-5
Let l(t) = t - 8. Suppose 35 = -8*f + 91. Give l(f).
-1
Let p(o) be the third derivative of o**5/30 + 7*o**4/24 + 5*o**3/6 - 2*o**2 + 16*o. What is p(-5)?
20
Suppose 5*t = -1 + 6. Let x(l) be the second derivative of -9*l**5/20 - l**4/12 + l**2/2 - 2*l - 1597. What is x(t)?
-9
Let v(h) be the first derivative of h**2/2 + 7*h - 298. Determine v(2).
9
Let w(d) = 2*d**3 - d**2. Suppose m + 6 = 2*i, 7*m - 4*i + 12 = 2*m. Suppose y + 4*c + 1 = m, -5*y = c - 0*c + 5. Determine w(y).
-3
Let c(w) = w**3 + 13*w**2 + 11*w - 10. Let h be c(-12). Suppose -10 = h*o + 8. Let f(n) = n**3 + 10*n**2 + 10*n + 4. What is f(o)?
-5
Let k(o) = -o**3 + o**2 - o - 1. Let s(h) = -h**2 + 9*h - 10. Let r be s(7). Suppose -3 = t - 7. Suppose -r*g = -4 - t. What is k(g)?
-7
Let j = 10 - 3. Let f(z) = 5*z**3 - 29*z**2 + 7*z + 14. Let w(x) = x**3 - 6*x**2 + x + 1. Let a(b) = f(b) - 6*w(b). What is a(j)?
15
Let u(v) = v**2 - 11*v - 6. Let x(j) = 8*j + 62. Let w be x(-7). Determine u(w).
-36
Let d be ((-5)/10)/(2/4 - 0). Let r(a) be the second derivative of 0 + 3*a + 1/12*a**4 - 1/4*a**5 - 1/6*a**3 - 1/2*a**2. Determine r(d).
6
Let o(m) be the second derivative of -1/6*m**3 - 1/4*m**4 + 2*m - 3/2*m**2 + 0 + 1/20*m**5. Suppose 4*q - 6 = 6. Calculate o(q).
-6
Let x(l) be the first derivative of -3*l**2/2 - 4*l + 7. Suppose 3*a + 5*m = 3*m - 9, 4*a = -2*m - 12. Give x(a).
5
Let n(a) = 2*a**3 - 2*a**2 + 2*a - 1. Suppose 5*b = 5*u - 5, 5*u + 3*b - 2 = 3*u. Calculate n(u).
1
Suppose -g - 134 + 130 = 0. Let w(d) be the second derivative of -d**4/12 - 5*d**3/6 - 3*d**2 - 2*d. What is w(g)?
-2
Let s(u) = u - 7. Let y = 830 - 827. What is s(y)?
-4
Let g(l) = -l + 11. Let a(v) = -v**2 - 5*v - 4. Let u be a(-4). Suppose 4*j - 8 = -u*j. Suppose -4*y = -j*y. Calculate g(y).
11
Let k(h) = h**2 - 12*h + 13. Suppose 5*o + 35 = u, 65 = 5*u - 0*o - 3*o. What is k(u)?
-7
Suppose h = -5*i + 5*h + 35, -2*i + 16 = -2*h. Let c(f) = i + 8*f - 8 - 2*f**2 + 1. Give c(5).
-14
Let r be ((-20)/8)/(-5)*6. Suppose 0*b - 8 = -r*z + b, -3*z + 2*b + 13 = 0. Let l(f) = z + 1 + 93*f - 94*f. What is l(0)?
2
Let t(j) = 7*j - 7. Let y be (-22)/(-6) - (-2)/(-3). Let r(g) = g - 1. Let h(i) = y*r(i) - t(i). What is h(3)?
-8
Let b be (-49 - -50)/(0 - (-1)/4). Let r(v) = v - 2. Give r(b).
2
Suppose -2*v + 3*v = -12. Let q = v - -17. Let p(l) = -l**2 + 4*l - 4*l - q + 2*l + 5*l. Give p(4).
7
Let b(s) = -s + 5. Suppose 2*n = 2*v - 52, 2*n - v = -0*n - 52. Let c be n/(-4) + 33/22. Suppose c = -4*m + 2*d - 14, -3*m - 10 = 5*d. Calculate b(m).
10
Let b(m) = m**3 - 9*m**2 - 11*m + 16. Let i be b(10). Let h(l) = 2*l**2 - 6*l + 2. Give h(i).
38
Let w be 4/(-14) - (-484)/77. Suppose -g + 20 = -w*g. Let q(c) = -c**3 - 6*c**2 - 4*c + 2. Let u(y) = -1. Let z(i) = q(i) - 3*u(i). Calculate z(g).
-11
Let x be (18/48)/(3/(-22))*-12. Suppose 0 - x = -11*n. Let a(d) = d**3 - 2*d**2 + d - 3. Give a(n).
9
Let o(y) = -22*y**3 + 2*y**2 + 2*y + 1. Let p be 3 + 2 - (-1 + 0)*-2. Suppose p = 2*a - 5*a. Determine o(a).
23
Suppose -2*t + t = -5. Let d(l) = l - 4 + t*l + 7*l - l. Let j(p) = -11*p + 3. Let u(s) = -3*d(s) - 4*j(s). Determine u(-1).
-8
Let n = 76 + -44. Let o = n - 37. Let v(g) = 4*g + 4*g - 7*g. Determine v(o).
-5
Let r(k) = -2*k**2 + 3*k - 3. Let o be (-2)/3*570/(-76). Let l(q) = q**2. Let p(j) = 3*j**2 + 5*j + 2. Let u(b) = -4*l(b) + p(b). Let g be u(o). Calculate r(g).
-5
Let w(m) be the second derivative of m**4/12 - m**3 + 3*m**2 - m. Suppose l - 2 = -2*n, -4*l + 3*n = -n - 20. Give w(l).
-2
Let i(c) be the first derivative of 4*c**3 - c - 82. Let w = -10 - -6. Let l(b) = b**2 + 5*b + 3. Let y be l(w). Give i(y).
11
Let u(l) be the third derivative of -l**6/120 - l**5/15 + l**4/24 + l**3/2 - 11*l**2 - 1. Give u(-5).
23
Let s(h) = 2*h**3 + 2*h**2 - 1. Let q be s(1). Suppose -2 = -w - q. Let b be (-4 - -1) + w + 4. Let y(n) = -n + 5. Determine y(b).
5
Let w = 11 + -14. Let s = w + 5. Let d(z) = 5 - 3*z**2 - 4*z - z**3 + z**2 - 3*z**s. Calculate d(-4).
5
Let i(h) = -10*h - 14. Let q(r) = -7*r - 13. Let a(z) = -2*i(z) + 3*q(z). Give a(-5).
-6
Suppose 4*a + 57 = -3*z + 58, 4 = 4*a. Let w(l) = l. Give w(z).
-1
Let m = 280 + -280. Let o(x) = -11*x**3 + 2*x**2 - 19. Let v(c) = 5*c**3 - c**2 + 9. Let g(h) = -4*o(h) - 9*v(h). Give g(m).
-5
Let h(i) = -i**2 - 5*i - 11. Let d = 128 + -136. Determine h(d).
-35
Let l(s) be the first derivative of s**2/2 - 17*s + 13. Give l(7).
-10
Let y be 1/((0 + 1 - 3)/(-2)). Let t(b) = -6*b**3 + b**2 - 1. Calculate t(y).
-6
Let q(y) be the second derivative of -y**8/6720 + y**7/360 - y**6/90 + y**5/20 + 3*y**4/4 + y. Let c(p) be the third derivative of q(p). Give c(6).
-6
Let m(q) = -q**2 + 6*q - 3. Let s(k) = k**2 - 5*k + 2. Let t(v) = 4*m(v) + 5*s(v). Let j be t(-2). Suppose j*d = 1 - 13. Let y(c) = -c. Give y(d).
3
Let q(b) = 33*b + 8. Let s(o) = -28*o - 6. Let c(m) = -5*q(m) - 6*s(m). What is c(-5)?
-19
Let d(y) be the second derivative of y**5/20 - y**4/6 + y**3/3 - y**2/2 + 5*y - 10. Determine d(1).
0
Let b(x) = -4*x + 12. Let l(o) = 3*o - 8. Let j(r) = -4*b(r) - 5*l(r). Determine j(16).
8
Let n(k) be the second derivative of -k**4/6 - k**3/3 - k**2 + 2*k + 116. Give n(-4).
-26
Let a be 4 + -1 + 0 + 474. Let f(l) = -a*l + 477*l + l**2. Give f(-3).
9
Let s be -3 - (-2)/6*3. Let p = -1 - s. Let h(v) = v. Let a(o) = -21*o. Let t(i) = a(i) + 28*h(i). Give t(p).
7
Let y(i) be the third derivative of i**5/30 - i**4/8 - 7*i**3/6 - 63*i**2. Give y(3).
2
Let i = -14 - -16. Suppose i*f + 0*f - 12 = 0. Let o be 39/f + (-1)/2. Let w(v) = -v + 7. Give w(o).
1
Let f(g) be the third derivative of 7*g**6/120 + 7*g**5/60 + g**3/2 - 5*g**2. Let x(j) = j**3 + j**2 + 1. Let r(v) = -f(v) + 6*x(v). Let b = 26 - 26. Give r(b).
3
Let d(x) = 6*x**3 + 2*x**2 - 2*x + 2. Let m(k) = 7*k**3 + 3*k**2 - 2*k + 3. Let p(n) = 6*d(n) - 5*m(n). Let c = 6 + 0. Let t = -2 + c. Calculate p(t).
5
Let f(h) = -11*h**3 - 17*h**2 - 17*h + 4. Let n(o) = 5*o